 j(7)?
13, 47
Let j = -23 - -25. Suppose -j*y + r + 14 = 0, 0*y + r + 24 = 4*y. Suppose -y*h = h - 444. What are the prime factors of h?
2, 37
Suppose 0 = 185*k + 464751 - 1406216. What are the prime factors of k?
7, 727
Let c(a) = 33*a**2 + 112*a + 3. List the prime factors of c(-16).
6659
Let s(c) = 23*c**2 - 96*c - 462. List the prime factors of s(-29).
5, 7, 619
List the prime factors of 1 + (11 - (-268792)/24) - 4/(-3).
11213
Let v be 4540/(-35) - 2/7. Suppose q = -119 + 32. Let j = q - v. What are the prime factors of j?
43
Suppose -13*x + 1334 = -12*x - 2*c, -5*c = -2*x + 2669. Suppose 5*n - x = 343. List the prime factors of n.
5, 67
Let h(b) = -2*b + 19. Let x be h(7). Let p(f) = 6*f - 21. Let y be p(x). Suppose -4*w + 23 = -y. List the prime factors of w.
2
Let s(n) = 0*n**2 + 43 + 2126*n**3 - 4*n**2 - 2125*n**3 - 15*n. What are the prime factors of s(8)?
179
Suppose -351*c = 107*c - 22776798. What are the prime factors of c?
3, 11, 137
Let x(n) = -14*n - 41*n + 30*n + 35. List the prime factors of x(-14).
5, 7, 11
Suppose -n + 16670 = p, -n = -p + 24438 - 7784. List the prime factors of p.
2, 3, 2777
Let r(q) be the third derivative of -3*q**4/8 - 14*q**3/3 + 96*q**2. List the prime factors of r(-5).
17
Suppose 40*i - 1206794 = -7*i + 61830. List the prime factors of i.
2, 7, 241
Let x(t) = -t**2 - 3*t - 19. Let r(p) = -p. Let k(j) = 3*r(j) - x(j). Let q = 4892 + -4904. What are the prime factors of k(q)?
163
Suppose 970 = -3*z - g - 1743, 3619 = -4*z - g. Let n = 1234 + z. List the prime factors of n.
2, 41
Let u = 211 + -176. Suppose 14*d - u*d + 3738 = 0. List the prime factors of d.
2, 89
Suppose 5*l + 58 = 5*p - 22, -2*l = 2*p - 32. Suppose -p*g - 1122 = -18*g. What are the prime factors of g?
3, 11, 17
Let s = 14845 - 8490. What are the prime factors of s?
5, 31, 41
Suppose -56511 = -4*t + 3*d, 4*t - 10*d = -5*d + 56505. List the prime factors of t.
2, 3, 5, 157
What are the prime factors of ((-52478)/12)/((-179)/1074)?
19, 1381
Let v(p) = -22*p**3 + 4*p**2 + 40*p + 239. What are the prime factors of v(-11)?
3, 5, 73
Let k(b) = -b + 6. Let a be k(6). Suppose -20*p + 23*p - 123 = a. Let n = p - -11. What are the prime factors of n?
2, 13
Let w = 39735 - 26330. List the prime factors of w.
5, 7, 383
Let f(r) = -r + 550. Let n be f(0). Suppose 4*z = -u - 21, -z + 6*z = -4*u - 18. What are the prime factors of (z/(-4))/(15/n)?
5, 11
Suppose -6*c = -21*c + 19515. Suppose 4581 - c = 4*b. List the prime factors of b.
2, 5, 41
Let m(g) = 33*g + 605. List the prime factors of m(68).
7, 11, 37
Let j(k) = 14*k**3 + 19*k**2 - 53*k + 84. List the prime factors of j(15).
2, 3, 941
Let r(x) = 7*x + 66. Let w be r(-10). Let c be (5217/37)/(1/w + 1). Suppose 2*k - 292 = -2*s, -238 = -3*k + s + c. List the prime factors of k.
11, 13
Let c(a) be the first derivative of a**3/3 - 15*a**2/2 + 19*a - 14. Let d be c(11). Let x = 39 + d. List the prime factors of x.
2, 7
Suppose 0 = 4*b + i + 31, 5*b + 54 = 3*i - 6. List the prime factors of (3/12)/(b/(-25236)).
701
Let v(s) = -s**3 + 75*s**2 + 53*s + 584. What are the prime factors of v(64)?
2, 3, 227
Suppose y - 3*z - 9330 + 2286 = 0, -5*y + 35130 = 3*z. What are the prime factors of y?
3, 11, 71
Let n be (-15)/(210/28)*1903/2. Let v = n + 3307. What are the prime factors of v?
2, 3, 13
Let w(b) = 1930*b**2 - 3*b + 23. List the prime factors of w(3).
2, 41, 53
Let w = 22 - 19. Suppose 0 = -w*l + 3*z + 12, 3*z + z + 16 = 0. Suppose l = 9*p - 418 - 527. What are the prime factors of p?
3, 5, 7
Let p(y) = 73 + 190*y - 377*y + 189*y. What are the prime factors of p(20)?
113
Suppose -6*k = -2*k - s - 170, 3*k = 2*s + 130. Let g(h) = -2*h**3 + 88*h**2 - 144*h + 22. What are the prime factors of g(k)?
2, 5, 103
List the prime factors of (-329)/(-188)*6/7*(-23404)/(-3).
2, 5851
Suppose -4*u - 3*q - 4 = -2*u, 0 = -2*q. What are the prime factors of -1 - u - (-31)/((-248)/(-480))?
61
Let v(t) = t**2 + 18*t - 52. Let j be v(-21). Suppose j*c = 10496 + 1318. List the prime factors of c.
2, 3, 179
Let z(h) be the first derivative of -30*h**2 + 3*h - 1. Let i = 138 - 139. What are the prime factors of z(i)?
3, 7
Suppose 3*j - 9116 = -2735. Let v = -1255 + j. List the prime factors of v.
2, 109
Let w(o) = -253*o - 1. Let f be w(-1). Let s be (3/9 - 0)/(7/f). Suppose s*v - 2005 = -253. What are the prime factors of v?
2, 73
Let c = -2887 + 4516. List the prime factors of c.
3, 181
Let v(h) = -716*h + 3183. List the prime factors of v(-6).
3, 277
Suppose 0 = 5*l + 5*g - 53560, 3*l + 5*g - 35863 + 3719 = 0. What are the prime factors of l?
2, 2677
Let i = -573 + 827. Suppose -b + i + 275 = 0. List the prime factors of b.
23
Let h be 3/(37/6 - 6). List the prime factors of (746/(-12))/(h/(-108)).
373
Let r(i) = -i**2 - 2*i. Suppose -1 = -2*o + 5*b - 10, 2*o + 3 = -b. Let q be r(o). Suppose -y - 34 + 163 = q. What are the prime factors of y?
3, 43
Let c(u) = -6456*u + 12478. List the prime factors of c(-5).
2, 7, 23, 139
Suppose -2*v + 14 - 8 = 0. Suppose 3 + v = 3*s. Let j(n) = 10*n - 3. What are the prime factors of j(s)?
17
Suppose -76324 = -4*b - 2*w, 43*b - 19087 = 42*b + w. What are the prime factors of b?
3, 6361
Let h = 3135 - -4409. What are the prime factors of h?
2, 23, 41
Suppose 5*c + 3*d - 20 + 53 = 0, 4*c + 28 = -4*d. What are the prime factors of 307 - ((-22)/c + 16/(-24))?
2, 19
Suppose -n - n = 2*t + 8, -15 = -5*n. What are the prime factors of (0 - t/(-21))*-681?
227
Let s = -35742 + 49067. List the prime factors of s.
5, 13, 41
Let t be -4 + ((-6)/8 - 650/40). What are the prime factors of (-6)/t + 865/35?
5
Let c = -16 + 22. Let p = 105 - -14. Suppose c*k + z = 4*k + p, 3*k = -2*z + 181. What are the prime factors of k?
3, 19
Let f(m) = 10*m**3 - 7*m**2 - 4*m + 2. Let y be f(-1). What are the prime factors of (-4290)/y*5/3?
2, 5, 13
Let k = -202 - -220. Suppose -k*l + 4465 + 4319 = 0. What are the prime factors of l?
2, 61
Let r(v) = 3*v**2 + 15*v + 10. Let h(t) = t**2 + 1. Let l(m) = 2*h(m) - r(m). Let y be l(-14). Suppose 0 = 2*x - 12 + y. List the prime factors of x.
3
Suppose -4*s = -3*p - 27, -5*s - 5*p - 10 = -0*s. Suppose -3*x = 2*x + s*m - 5122, 2 = -2*m. What are the prime factors of x?
5, 41
Let f = 1 + 3. Let t = -367 - -369. Suppose t*i = -5*b + 937, -4*i + 565 = f*b - b. List the prime factors of b.
11, 17
Suppose 3*o - 4*o - 17 = 0. Let l = o - -25. Let t(s) = -s**3 + 9*s**2 - 5*s - 1. List the prime factors of t(l).
23
Let l = 4331 + -2834. Suppose -6*n + 1275 = -l. List the prime factors of n.
2, 3, 7, 11
Suppose -2658 + 178 = -4*t. Let i = -442 + t. What are the prime factors of i?
2, 89
Suppose -2*k + 1 = -7. Suppose 79 + 9 = 22*r. Suppose -4*z + 640 = 4*v, -6*z + 310 = -k*z + r*v. List the prime factors of z.
3, 5, 11
Let l be (96/(-10))/((-84)/210). List the prime factors of 156*(224/l - 8).
2, 13
Let k be ((-4)/(-26) - (-84)/(-39))*-49137. What are the prime factors of 12/14 - k/(-154)?
3, 71
Suppose 2*d - 71*x + 68*x = 13427, 2*d + 4*x = 13448. List the prime factors of d.
2, 3359
Let s = 34 - 30. Suppose -5*q - 534 = 4*l, -16 = -5*l + s. Let v = -55 - q. What are the prime factors of v?
5, 11
Suppose -4*o + 37375 = -3*f, -15*o - f + 46733 = -10*o. List the prime factors of o.
2, 4673
Let b be (92/(-230))/((-2)/13620). Suppose 3*g - b = g. What are the prime factors of g?
2, 3, 227
Suppose 0 = -x - 3*x + 2*r - 24, 2*x + 4*r + 12 = 0. Let s(u) = -61*u - 49. List the prime factors of s(x).
317
Let l(t) = t + 4. Let n be 2 + 0 - 2 - 0. Let c be l(n). List the prime factors of (c - 0) + -2 + 2.
2
Suppose -584*n + 7688119 + 14030974 = -17566587. What are the prime factors of n?
2, 5, 7, 31
Suppose 2*b - 6 = -4*r + 16, -4*r + 25 = 3*b. Suppose 4*y + 233 = b*k, -8*k = -3*k - 4*y - 399. Let d = k + -50. List the prime factors of d.
3, 11
Let g(i) = i**3 + i**2 + 15*i + 8. Let v be g(-6). Let n = v - -553. List the prime factors of n.
3, 97
Suppose -8*m = -6*m + 2*c - 74, -2*m + c + 80 = 0. Let k = 42 - m. Suppose 132 = k*h - 3*i, 0 = h + h - 4*i - 94. What are the prime factors of h?
41
Let v(p) be the first derivative of -4*p**2 + 16*p + 113. Let r = 22 + -32. What are the prime factors of v(r)?
2, 3
What are the prime factors of (21/(-14))/(138/(-2569744))?
2, 6983
Let i = -2 -